{"id":14,"date":"2023-12-19T16:20:17","date_gmt":"2023-12-19T15:20:17","guid":{"rendered":"https:\/\/elabel.at\/?page_id=14"},"modified":"2025-03-09T09:57:01","modified_gmt":"2025-03-09T08:57:01","slug":"ihre-online-naehrwerttabelle","status":"publish","type":"page","link":"https:\/\/elabel.at\/","title":{"rendered":"Ihre Online N\u00e4hrwerttabelle"},"content":{"rendered":"<div id=\"cs-content\" class=\"cs-content\"><div class=\"x-section e14-e1 me-0\"><div class=\"x-row x-container max width e14-e2 me-1 me-2\"><div class=\"x-row-inner\"><div class=\"x-col e14-e3 me-3\"><span class=\"x-image e14-e4 me-4\"><img decoding=\"async\" src=\"https:\/\/elabel.at\/wp-content\/uploads\/logo_draft_gross.png\" width=\"304\" height=\"305\" alt=\"Image\" loading=\"lazy\"><\/span><div class=\"x-text x-text-headline e14-e5 me-5\"><div class=\"x-text-content\"><div class=\"x-text-content-text\"><h1 class=\"x-text-content-text-primary\">eLabel. Einfach. Schnell.<\/h1>\n<\/div><\/div><\/div><div class=\"x-text x-content e14-e6 me-6\"><p>Mit eLabel bieten wir Ihnen eine einfache L\u00f6sung, um den neuen EU-Richtlinien zur N\u00e4hrwertkennzeichnung gerecht zu werden. Durch die Verwendung eines QR-Codes auf Ihren Produktetiketten k\u00f6nnen Sie alle erforderlichen Informationen \u00fcber Inhaltsstoffe und N\u00e4hrwerte leicht zug\u00e4nglich machen. eLabel hilft Ihnen, die gesetzlichen Anforderungen m\u00fchelos zu erf\u00fcllen und gleichzeitig Ihren Kunden maximale Transparenz zu bieten. Bald verf\u00fcgbar!<\/p>\n<p>Bei Fragen einfach eine E-Mail an:<br \/>\noffice@elabel.at<\/p>\n<p>Ihr eLabel-Team<\/p><\/div><\/div><\/div><\/div><\/div><\/div>","protected":false},"excerpt":{"rendered":"<p>eLabel. Einfach. Schnell. Mit eLabel bieten wir Ihnen eine einfache L\u00f6sung, um den neuen EU-Richtlinien zur N\u00e4hrwertkennzeichnung gerecht zu werden. Durch die Verwendung eines QR-Codes auf Ihren Produktetiketten k\u00f6nnen Sie alle erforderlichen Informationen \u00fcber Inhaltsstoffe und N\u00e4hrwerte leicht zug\u00e4nglich machen. eLabel hilft Ihnen, die gesetzlichen Anforderungen m\u00fchelos zu erf\u00fcllen und gleichzeitig Ihren Kunden maximale Transparenz zu bieten. Bald verf\u00fcgbar! Bei &#8230; <\/p>\n<div><a href=\"https:\/\/elabel.at\/\" class=\"more-link\">Read More<\/a><\/div>\n","protected":false},"author":1,"featured_media":0,"parent":0,"menu_order":0,"comment_status":"closed","ping_status":"closed","template":"template-blank-8.php","meta":{"_acf_changed":false,"footnotes":""},"class_list":["post-14","page","type-page","status-publish","hentry","no-post-thumbnail"],"acf":[],"_links":{"self":[{"href":"https:\/\/elabel.at\/index.php?rest_route=\/wp\/v2\/pages\/14","targetHints":{"allow":["GET"]}}],"collection":[{"href":"https:\/\/elabel.at\/index.php?rest_route=\/wp\/v2\/pages"}],"about":[{"href":"https:\/\/elabel.at\/index.php?rest_route=\/wp\/v2\/types\/page"}],"author":[{"embeddable":true,"href":"https:\/\/elabel.at\/index.php?rest_route=\/wp\/v2\/users\/1"}],"replies":[{"embeddable":true,"href":"https:\/\/elabel.at\/index.php?rest_route=%2Fwp%2Fv2%2Fcomments&post=14"}],"version-history":[{"count":9,"href":"https:\/\/elabel.at\/index.php?rest_route=\/wp\/v2\/pages\/14\/revisions"}],"predecessor-version":[{"id":396,"href":"https:\/\/elabel.at\/index.php?rest_route=\/wp\/v2\/pages\/14\/revisions\/396"}],"wp:attachment":[{"href":"https:\/\/elabel.at\/index.php?rest_route=%2Fwp%2Fv2%2Fmedia&parent=14"}],"curies":[{"name":"wp","href":"https:\/\/api.w.org\/{rel}","templated":true}]}}